y y.
7
Let v = -69 - -128. Calculate the remainder when v is divided by 20.
19
Suppose -2*z = -6*z + 316. What is the remainder when z is divided by 16?
15
Suppose 0 = -4*l - 1 + 9. Let y = l - -5. Let b(r) = -12*r + 7. Calculate the remainder when b(-1) is divided by y.
5
Let v be 5*-3*3/9. Calculate the remainder when 285/12 + v/(-20) is divided by 7.
3
Let z be (0 + -58)*(-1)/2. Suppose 2*w + 56 = -2*w. Let b = w + z. Calculate the remainder when b is divided by 9.
6
Let b(q) = -8*q - 3*q + 5*q - q**2 - 9 - 4*q. What is the remainder when 29 is divided by b(-6)?
14
Let r = -16 - -27. Calculate the remainder when 53 is divided by r.
9
Let b(n) = -11*n + 11. Let u(t) = -11*t + 11. Let x(m) = -5*b(m) + 4*u(m). What is the remainder when x(6) is divided by 19?
17
Let k = 113 - 75. Suppose 10 = 4*r - k. Let n = 21 - r. Calculate the remainder when 26 is divided by n.
8
Let v be (0 - (-47 + -3)) + 2. Suppose 3*b = x + 2*b - 18, 4*x = 2*b + 70. What is the remainder when x is divided by 5/15 - v/(-6)?
8
Let t(s) be the third derivative of 0*s + s**2 - s**3 + 1/6*s**4 + 0. What is the remainder when 34 is divided by t(6)?
16
Calculate the remainder when 34 is divided by ((-3)/4)/((-14)/336).
16
Suppose z = -z + 2, 5*y = -2*z + 82. Let d = 91 - 4. Let p = d + -56. What is the remainder when p is divided by y?
15
Let r = -4 - -2. Let t(g) = -10*g - 3. Suppose x + 1 = 7. Calculate the remainder when t(r) is divided by x.
5
Let a be 2/4*(4 + 0). Suppose -a*p = 1 - 41. What is the remainder when p is divided by 7?
6
Suppose -3*h = -49 - 83. Calculate the remainder when h is divided by 23.
21
Let l = 140 - 85. Calculate the remainder when l is divided by 19.
17
Let a(j) = -37*j**3 - j - 1. Calculate the remainder when a(-1) is divided by 2 + 8 + -3 + 1.
5
Calculate the remainder when 54 is divided by 203/21 - (-4)/3.
10
Let v = -23 - -36. Suppose 0 = -c + 15 + 34. What is the remainder when c is divided by v?
10
Suppose 2*i - 3*d - 18 = 0, -2*d - 3*d + 20 = 0. What is the remainder when 42 is divided by i?
12
Let r be (-116)/(-8) - (-1)/2. Suppose m - r = -0*m. Calculate the remainder when m is divided by 8.
7
Let c(n) = n**3 + 8*n**2 + 7*n + 4. Let z be c(-7). Suppose 5*d + 3 + 1 = l, 3*l = -z*d + 69. What is the remainder when l is divided by 7?
5
Let y = -126 + 130. Let o(k) = -5*k - 4. What is the remainder when o(-3) is divided by y?
3
Suppose 24 = 3*r + 2*o - 3*o, 4*r + 2*o - 32 = 0. Let f(j) = -5*j. What is the remainder when f(-3) is divided by r?
7
Suppose 2*l + 5 = 3*c - 115, -2*c + 3*l = -75. Let t = c + -24. Calculate the remainder when 52 is divided by t.
16
Suppose 3*u + 0*u = 0. Let r be (-1 - u) + (3 - 4). Calculate the remainder when 31 is divided by (-21)/r + (-1)/(-2).
9
Let d = -35 + 51. What is the remainder when 59 is divided by d?
11
Calculate the remainder when 123 is divided by 764/36 + 12/(-54).
18
Let a = 4 - -35. What is the remainder when a is divided by 20?
19
Suppose j = -5*s + 26, 0 = 5*j - 0*j + s - 34. What is the remainder when 0/(1 + -2) + 11 is divided by j?
5
Let a = 3 - -80. Let o(m) = -m**2 - 5*m - 4. Let n be o(-7). What is the remainder when n/30 - a/(-5) is divided by 9?
7
Let a(i) be the first derivative of -i**4/4 + 2*i**3 + i**2 - 3*i - 3. Let x be a(6). Let n = 16 + x. What is the remainder when n is divided by 7?
4
What is the remainder when 68 is divided by (-102)/(-4) - 3/(-8)*-4?
20
Let a(b) = b**3 + b - 1. Let q(s) = -2*s**3 - 2*s**2 + 4*s + 3. Let y(l) = -a(l) - q(l). What is the remainder when 18/(-5)*(-65)/39 is divided by y(-3)?
2
Suppose -65 = -9*j + 4*j. Suppose -5*b + 19 = 4*u - 13, 0 = -4*u - b + 32. What is the remainder when j is divided by u?
5
Let z = -68 - -76. Calculate the remainder when 15 is divided by z.
7
Let v(z) be the first derivative of z**2 + 2. Let t be v(3). Suppose -3*o - 6*k + t = -2*k, 0 = 4*o - k - 27. What is the remainder when 17 is divided by o?
5
Suppose -5*u = 3*j - 403, -3*j + 427 = 4*u - 5*u. Calculate the remainder when (-8)/(-12)*j/2 is divided by 10.
7
Let q(p) = p**3 - 7*p**2 + 2*p - 4. Calculate the remainder when 34 is divided by q(7).
4
Let q(g) = 6*g**2 - 5*g + 2 - 2*g**2 - 6. Let x(r) = 2*r + 4. What is the remainder when q(-3) is divided by x(6)?
15
Suppose 0 = -4*h + 28 + 108. What is the remainder when h is divided by 20?
14
Let d(p) = -p**2 + 11*p - 11. Suppose -2*h + 0*j + 4*j = 0, -4*h + 20 = -3*j. Let r(i) = 6*i**2 - 1. Calculate the remainder when d(h) is divided by r(1).
3
Suppose 5*n + 64 = 194. Calculate the remainder when 103 is divided by n.
25
Let v(k) = -k**3 - 6*k**2 + 2*k - 4. Let d(q) = -2*q**3. What is the remainder when v(-7) is divided by d(-2)?
15
Suppose 0 = -4*i + 5*q + 160, -i + 2*q + 55 = -3*q. Suppose 7*u - i = 2*u. What is the remainder when 25 is divided by u?
4
Suppose 4*p - 28 - 268 = 0. What is the remainder when p is divided by 19?
17
Calculate the remainder when 61 is divided by (6 + -7)/((-2)/66).
28
Suppose -z - 3*z = -j - 13, 3*z = 5*j + 31. Let t = 27 + -26. What is the remainder when z is divided by t?
0
Let x = -26 - -38. Suppose -2*h = -2*k - x, -4*k - 12 = -0*k. Suppose -2*y + 4 = 2*l, 2*l + 0 = 5*y - h. What is the remainder when 2 is divided by l?
0
Let t be (0/(-1 - 1))/(-1). Suppose -4*x = -t*x - 56. What is the remainder when 40 is divided by x?
12
Let n(k) = -k**3 + 3*k**2 - 2*k. Let i be n(2). Suppose i*u + 26 = 2*u. Suppose 20 = 5*y - 20. What is the remainder when u is divided by y?
5
Let m(y) = 3*y - 2. Let p = 6 + -2. Let c(t) = 2*t - 1. Let f(w) = p*c(w) - 3*m(w). What is the remainder when f(-7) is divided by 4?
1
Let o(b) = -b**3 - 1. Let l(q) = 4*q**3 + q**2 - 2. Let y(g) = -l(g) + 2*o(g). Let j = -10 - -18. Calculate the remainder when j is divided by y(-1).
3
Let k(q) = q**3 + 8*q**2 + 4*q + 7. Let n be (-9)/(3 + -6) + -10. Let g be k(n). Calculate the remainder when (g/(-6))/(2/(-18)) is divided by 15.
12
Suppose 2*z = -8, -2*c = -4*z - 115 - 9. Let b = 97 - c. Calculate the remainder when b is divided by 15.
13
Let l(i) = -i**2 + 8*i - 4. Let b = 14 + -8. Calculate the remainder when l(b) is divided by 5.
3
Suppose -3*p - 27 = -0. Let i = 2 - p. What is the remainder when i is divided by 7?
4
Let c = -6 + 6. Let y(g) = g + 23. What is the remainder when y(c) is divided by 8?
7
Suppose -n = -6*n + 30. Let y = -194 - -215. What is the remainder when y is divided by n?
3
Let g(k) = 11*k - 10. Calculate the remainder when 88 is divided by g(5).
43
Let w(x) = -6*x - 23. What is the remainder when 34 is divided by w(-7)?
15
Suppose n - 4 + 2 = 0. Suppose -20 + n = -2*g. What is the remainder when 34 is divided by g?
7
Let h = 2 + -6. Calculate the remainder when 11 is divided by (3/(-4))/(1/h).
2
Let n = 16 + -10. Let a(h) = 2*h**2 - 7*h - 7. Calculate the remainder when 89 is divided by a(n).
20
Let q(x) = -2*x - 12. Suppose 4 = -4*d, 22 = -3*p + p - 4*d. Calculate the remainder when 35 is divided by q(p).
5
Calculate the remainder when 3/(-2) + 570/20 is divided by 15.
12
Let a(g) = g**2 + 119. Let f be a(0). Suppose -9 - 85 = -4*z - 2*m, 5*z + 4*m = f. Let c(k) = 5*k + 2. Calculate the remainder when z is divided by c(2).
11
Let p(z) = 8*z. Let x be p(-1). Let b = 26 + x. What is the remainder when 52 is divided by b?
16
Calculate the remainder when 4 is divided by (1/(-2))/(1/(-6)).
1
Let z(h) = -h + 1. Let b(k) = k. Let p(v) = b(v) - 3*z(v). Let s = 18 + -16. Calculate the remainder when 8 is divided by p(s).
3
Suppose -c + 8*c - 259 = 0. What is the remainder when c is divided by 12?
1
Suppose 45 - 10 = q. What is the remainder when q is divided by 9?
8
Suppose 37 = 4*h - 5*x, -h + 3*x = h - 19. What is the remainder when h is divided by 5?
3
Let v = 0 + 4. Let w = 19 - 30. Let k = w - -17. What is the remainder when k is divided by v?
2
Suppose -4*b = -b - 15. Suppose -b*k - 10 = -65. What is the remainder when 43 is divided by k?
10
Let h(x) = x**2 + 4*x - 2. Let g be h(-5). Suppose 11 = n + g*q, 2*n + 2*q + q = 37. Calculate the remainder when n is divided by 9.
8
Suppose -v + 48 = 2*d, -2*d + 4*v = 3*d - 107. What is the remainder when d is divided by 13?
10
Let c(z) = -z**3 + 9*z**2 - 9*z - 10. Let v = 25 + -12. What is the remainder when c(7) is divided by v?
12
Let z be -2 - 62/((-2)/(-